{"id":195,"date":"2016-11-06T18:06:40","date_gmt":"2016-11-06T17:06:40","guid":{"rendered":"http:\/\/www.scdonaueschingen.badischer-schachverband.de\/?page_id=195"},"modified":"2019-11-01T00:27:29","modified_gmt":"2019-10-31T23:27:29","slug":"impressum","status":"publish","type":"page","link":"https:\/\/scdonaueschingen.badischer-schachverband.de\/?page_id=195","title":{"rendered":"Impressum"},"content":{"rendered":"<h2><strong><span style=\"color: #339966;\">Anbieterkennzeichnungspflicht gem\u00e4\u00df \u00a7 5 Telemediengesetz (TMG)<\/span><\/strong><\/h2>\n<p>f\u00fcr <span style=\"color: #339966;\"><strong>Schachclub Donaueschingen<\/strong><\/span>,<br \/>\nzugeh\u00f6rig zum Badischen Schachverband e.V.<br \/>\nDSB-Vereinsnummer: ZPS-Code 10A05<br \/>\n<span style=\"color: #339966;\"><strong>J\u00f6rg Schlenker<\/strong> <\/span>Rutentalstr.14 78052 Villingen-Schwenningen<br \/>\nTel: 07721-33213 e-Mail: <a href=\"mailto:JoergUndPia@gmail.com\">JoergUndPia@gmail.com<\/a><\/p>\n<div>\n<p>Verantwortlicher f\u00fcr den Inhalt ist gem\u00e4\u00df \u00a7 55 Abs. 2 RStV: J\u00f6rg Schlenker, wie oben<\/p>\n<p><strong>1. Haftung f\u00fcr Inhalte<\/strong> S\u00e4mtliche Inhalte unserer Internetseiten sind mit gr\u00f6\u00dftm\u00f6glicher Sorgfalt erstellt worden. Dennoch ist es uns nicht m\u00f6glich, eine Gew\u00e4hr daf\u00fcr zu \u00fcbernehmen, dass diese Inhalte richtig, vollst\u00e4ndig und stets aktuell sind. Wir sind gem\u00e4\u00df \u00a77 Abs. 1 TMG f\u00fcr die eigenen Inhalte verantwortlich. Gem\u00e4\u00df den \u00a7\u00a7 8, 9 und 10 TMG besteht f\u00fcr uns allerdings keine Verpflichtung, dass wir Informationen von Dritten, die \u00fcbermittelt oder gespeichert wurden, \u00fcberwachen oder Umst\u00e4nde ausforschen m\u00fcssten, die Hinweise auf nicht rechtm\u00e4\u00dfige T\u00e4tigkeiten ergeben. Wenn wir von einer Rechtsverletzung Kenntnis erlangen, wird eine unverz\u00fcgliche Entfernung der entsprechenden Inhalte erfolgen.<\/p>\n<p><strong>2. Haftung f\u00fcr Links<\/strong> Unsere Internetseiten enthalten Links, die zu externen Internetseiten von Dritten f\u00fchren. Auf die Inhalte dieser externen Seiten haben wir keine Einflussm\u00f6glichkeiten. Es ist uns daher nicht m\u00f6glich, eine Gew\u00e4hr f\u00fcr diese Inhalte zu \u00fcbernehmen. Die Verantwortung daf\u00fcr hat immer der jeweilige Anbieter\/Betreiber der entsprechenden Internetseiten.<\/p>\n<p><strong>3. Urheberrecht<\/strong> Die auf unseren Internetseiten enthaltenen Werke und Inhalte unterstehen dem Urheberrecht. Ohne schriftliche Genehmigung des jeweiligen Erstellers oder Autors d\u00fcrfen die Werke bzw. Inhalte nicht vervielf\u00e4ltigt, bearbeitet, verbreitet und verwertet werden.<\/p>\n<p><strong>4. Datenschutz<\/strong> Unsere Internetseite kann regelm\u00e4\u00dfig ohne die Angabe von personenbezogenen Daten genutzt werden. Falls solche Daten (z.B. Name, Adresse oder e-Mail) doch erhoben werden sollten, geschieht das, weitestgehend m\u00f6glich, freiwillig. Die \u00dcbertragung von Daten im Internet kann Sicherheitsl\u00fccken beinhalten. Es ist daher m\u00f6glich, dass Dritte Zugriff auf diese Daten erlangen. Ein l\u00fcckenloser Schutz ist nicht m\u00f6glich.<\/p>\n<p>01.11.2013\/JSch<\/p>\n<\/div>\n","protected":false},"excerpt":{"rendered":"<p>Anbieterkennzeichnungspflicht gem\u00e4\u00df \u00a7 5 Telemediengesetz (TMG) f\u00fcr Schachclub Donaueschingen, zugeh\u00f6rig zum Badischen Schachverband e.V. DSB-Vereinsnummer: ZPS-Code 10A05 J\u00f6rg Schlenker Rutentalstr.14 78052 Villingen-Schwenningen Tel: 07721-33213 e-Mail: JoergUndPia@gmail.com Verantwortlicher f\u00fcr den Inhalt ist gem\u00e4\u00df \u00a7 55 Abs. 2 RStV: J\u00f6rg Schlenker, wie oben 1. Haftung f\u00fcr Inhalte S\u00e4mtliche Inhalte unserer Internetseiten sind mit gr\u00f6\u00dftm\u00f6glicher Sorgfalt erstellt worden. Dennoch ist es uns nicht m\u00f6glich, eine Gew\u00e4hr daf\u00fcr zu \u00fcbernehmen, dass diese Inhalte richtig, vollst\u00e4ndig und stets aktuell sind. Wir sind gem\u00e4\u00df \u00a77 Abs. 1 TMG f\u00fcr die eigenen Inhalte verantwortlich. Gem\u00e4\u00df den \u00a7\u00a7 8, 9 und 10 TMG besteht f\u00fcr uns allerdings keine Verpflichtung, dass wir Informationen von Dritten, die \u00fcbermittelt oder gespeichert wurden, \u00fcberwachen oder Umst\u00e4nde ausforschen m\u00fcssten, die Hinweise auf nicht rechtm\u00e4\u00dfige T\u00e4tigkeiten ergeben. Wenn wir von einer Rechtsverletzung Kenntnis erlangen, wird eine unverz\u00fcgliche Entfernung der entsprechenden Inhalte erfolgen. 2. Haftung f\u00fcr Links Unsere Internetseiten enthalten Links, die zu externen Internetseiten von Dritten f\u00fchren. Auf die Inhalte dieser externen Seiten haben wir keine Einflussm\u00f6glichkeiten. Es ist uns daher nicht m\u00f6glich, eine Gew\u00e4hr f\u00fcr diese Inhalte zu \u00fcbernehmen. Die Verantwortung daf\u00fcr hat immer der jeweilige Anbieter\/Betreiber der entsprechenden Internetseiten. 3. Urheberrecht Die auf unseren Internetseiten enthaltenen Werke und Inhalte unterstehen dem Urheberrecht. Ohne schriftliche Genehmigung des jeweiligen Erstellers oder Autors d\u00fcrfen die Werke bzw. Inhalte nicht vervielf\u00e4ltigt, bearbeitet, verbreitet und verwertet werden. 4. Datenschutz Unsere Internetseite kann regelm\u00e4\u00dfig ohne die Angabe von personenbezogenen Daten genutzt werden. Falls solche Daten (z.B. Name, Adresse oder e-Mail) doch erhoben werden sollten, geschieht das, weitestgehend m\u00f6glich, freiwillig. Die \u00dcbertragung von Daten im Internet kann Sicherheitsl\u00fccken beinhalten. Es ist daher m\u00f6glich, dass Dritte Zugriff auf diese Daten erlangen. Ein l\u00fcckenloser Schutz ist nicht m\u00f6glich. 01.11.2013\/JSch<\/p>\n","protected":false},"author":1,"featured_media":0,"parent":0,"menu_order":10,"comment_status":"closed","ping_status":"closed","template":"","meta":{"footnotes":""},"acf":[],"_links":{"self":[{"href":"https:\/\/scdonaueschingen.badischer-schachverband.de\/index.php?rest_route=\/wp\/v2\/pages\/195"}],"collection":[{"href":"https:\/\/scdonaueschingen.badischer-schachverband.de\/index.php?rest_route=\/wp\/v2\/pages"}],"about":[{"href":"https:\/\/scdonaueschingen.badischer-schachverband.de\/index.php?rest_route=\/wp\/v2\/types\/page"}],"author":[{"embeddable":true,"href":"https:\/\/scdonaueschingen.badischer-schachverband.de\/index.php?rest_route=\/wp\/v2\/users\/1"}],"replies":[{"embeddable":true,"href":"https:\/\/scdonaueschingen.badischer-schachverband.de\/index.php?rest_route=%2Fwp%2Fv2%2Fcomments&post=195"}],"version-history":[{"count":5,"href":"https:\/\/scdonaueschingen.badischer-schachverband.de\/index.php?rest_route=\/wp\/v2\/pages\/195\/revisions"}],"predecessor-version":[{"id":2697,"href":"https:\/\/scdonaueschingen.badischer-schachverband.de\/index.php?rest_route=\/wp\/v2\/pages\/195\/revisions\/2697"}],"wp:attachment":[{"href":"https:\/\/scdonaueschingen.badischer-schachverband.de\/index.php?rest_route=%2Fwp%2Fv2%2Fmedia&parent=195"}],"curies":[{"name":"wp","href":"https:\/\/api.w.org\/{rel}","templated":true}]}}